- -1 - (4 - 8)).
7
-3 - -30 - (-16 + 10 - -17)
16
Evaluate -209 + 195 + (2 - -3).
-9
What is the value of -5 + (-13 - -1) - (-8 - -4)?
-13
Calculate 19 + -22 + 13 + -3.
7
Evaluate -9 - -7 - (-4 + 5) - (-2 - -5).
-6
(12 - 1) + (1 + -2 - (40 - 57))
27
What is -6 + (2 - 2) + 34 - (8 + 1)?
19
What is 18 + (45 - 61) + -1 + 9?
10
Evaluate 136 + -150 + (2 - -2).
-10
What is 43 + 6 + -7 + 12 + -13?
41
Calculate 17 + (0 - 0) + -961 + 952.
8
What is the value of -18 - -2 - -4 - -6 - -22?
16
Calculate (-8 - (-3 - 4)) + (1 - -2).
2
Evaluate 38 + 0 + -32 + (-13 - 0) + 34.
27
What is the value of (22 - 24) + (13 - 8)?
3
Calculate (-19 - -70) + -10 + 3 + -16.
28
What is the value of 8 - (-1 - 2 - 7)?
18
Evaluate -2 + -1 + 4 - (88 + -78).
-9
Calculate 10 - -2 - (-10 - (4 + 9 + -19)).
16
(-2 - (-10 + -5 + 4 - -6)) + 17
20
Calculate -9 + 21 + -7 - (0 + -6).
11
What is (7 - -13) + -12 + -21 - 0?
-13
Calculate (-19 - -1) + (-413 - -427).
-4
Calculate -6 - (19 + (-4 - (-20 + 18))).
-23
Evaluate -20 - -11 - (-5 + 1).
-5
What is the value of (0 - -10) + -12 + 13 + 1?
12
Calculate 28 - (14 + 5 + 3 + -8).
14
Calculate 0 + (-1 - -3) + 3.
5
What is the value of 12 + (-17 - -12) - 0?
7
What is the value of (1 + 0 - (-2 + 12)) + -1 + 33?
23
Calculate 4 + (-3 - -3) - (-139 + 128).
15
Evaluate -1 + (9 + 7 - -1).
16
Evaluate (-3 - (-5 - 1 - -6)) + 14 + 6.
17
What is 0 + -28 - (-264 - -246)?
-10
What is the value of (-15 - 1) + (-5 - 2 - (30 + -47))?
-6
8 + (-18 - -10) - 3 - 2
-5
Calculate 3 - (0 + 4) - (165 + -169).
3
Evaluate 1 + (3 - 9) + (-3 - 8).
-16
Evaluate -32 - (24 + 6) - -41.
-21
Evaluate -185 - -175 - (-3 + -4 - -3 - -13).
-19
0 - -11 - (-21 + (29 - -6))
-3
Calculate (11 - (16 - 5)) + -7 - (-1 + 0).
-6
16 + (-2 - -6 - 3) + -8
9
Calculate 0 + 15 + -4 + -1 + 7 + -8.
9
Calculate (10 - (6 - -10)) + -9.
-15
What is -4 + 15 - (-1 + 1 + (-2 - -1))?
12
Calculate (-7 + -1 - (-1 - -6)) + (7 - 2).
-8
18 + -17 + 4 + (-7 - -2 - -4)
4
What is (-1 - -2) + (-8 - -2) - -3?
-2
What is the value of -7 + 0 - (17 + -8 + -5 - 6)?
-5
Evaluate 3 + -31 + 2 + 18.
-8
What is 0 - 3 - (25 - -5 - 6)?
-27
What is (2 + -12 - (-8 + 3)) + 7?
2
Calculate 3 + 23 + -22 + -15.
-11
0 - -17 - (962 + -973)
28
915 - 911 - (-23 + (0 - 2))
29
What is -1 + -5 + 0 + -9 + (22 - 24)?
-17
(14 - -17) + -15 - 24
-8
Evaluate -1 - ((-24 - -10) + 4).
9
Evaluate -4 + (-4 - -8) + 6 + (1 - -4).
11
Evaluate 14 - (6 + (-11 - -19)).
0
What is -24 - -7 - ((-4 - -3) + 8)?
-24
Calculate 2 - -34 - (-460 - -510).
-14
What is the value of -17 + ((-5 - 1) + 7 - (1 - 7))?
-10
What is the value of (-2 - -2) + 4 + (-8 + 1 - -1)?
-2
What is the value of -5 - (-15 - -7) - 2 - 6 - -4?
-1
Evaluate 8 + -10 + -13 - -25.
10
67 + -49 - (3 - -9)
6
Calculate 8 - 12 - (-9 + 6 + -17).
16
What is the value of -14 - ((17 - 3) + -21)?
-7
What is -1 + 1 + 0 + -2 + -11 + 3?
-10
What is 0 + 2 - (14 + -17 + -10)?
15
What is 9 + -20 + (-14 + -6 + 13 - 1)?
-19
What is the value of 8 + (-30 - -32 - (-5 + 1)) + -8?
6
What is the value of 0 + 0 - (17 - 2 - 7 - -4)?
-12
What is -1 + 13 + -1 + 1 - (-28 - -30)?
10
What is -2 - (0 + 0 + 3 - (74 + -68))?
1
What is 5 - (-1 - (9 - 13))?
2
Evaluate -9 + (3 - -11 - (2 - -3)) - 1.
-1
What is (7 - 5 - ((20 - 7) + -8)) + 6?
3
Calculate 7 + 2 - (-2 + (-1 - 3) - -4).
11
What is the value of -21 + (10 - 17 - -18)?
-10
Evaluate -1 + 16 + -1 + -72 + 61 + 9.
12
Evaluate -6 + 7 + -16 - (0 + -4).
-11
27 + (14 + 19 - 79)
-19
(13 + -14 - (1 - 1)) + (-27 - -3)
-25
What is 62 + -69 - (4 - 36)?
25
Calculate 19 + -13 + -36 + 14.
-16
27 + -3 + (43 - (53 - 7))
21
What is the value of 23 + (9 + -13 - 24)?
-5
32 + (47 - (-47 - -97))
29
What is the value of 8 + -4 - 7 - (2 - (3 - -8))?
6
-4 - -2 - (85 + -82) - 8
-13
What is -8 - (4 + (6 + -12 - 0)) - -42?
36
What is the value of (-8 - 49) + -81 + 110?
-28
Calculate 3 - (1 - 1) - -3 - 12.
-6
What is -8 - -2 - (-2 + (9 - 3) + 6)?
-16
Evaluate -3 - (6 + (7 + -30 - -9)) - -8.
13
Evaluate 4 + (-30 - -11) + 37.
22
Calculate 8 - (6 + -15 - (-8 + -25)).
-16
Evaluate (11 - ((10 - 1) + -5)) + (-6 - 0).
1
Calculate 16 + -2 + (18 - (-2 + 9)).
25
What is -12 + (-7 - -6) - -12?
-1
Evaluate (8 - (-1 + (2 - 0))) + (-8 - -9).
8
Calculate -4 + -5 + (14 - (6 - -1)) + -7.
-9
Evaluate -6 - ((-28 - -8) + 10).
4
Calculate -5 + 2 + ((2 - -33) + -6 - 6).
20
Calculate 2 - (12 + (6 - 20)).
4
What is the value of 30 - 13 - 46 - -19?
-10
Calculate -1 + 10 + -11 + -7 + (-1 - 1).
-11
Evaluate (5 - (3 - 2)) + -24 + 4 + 4.
-12
What is 2 + (-11 - 0 - (197 - 179))?
-27
What is 0 + (8 + -1 - (3 + (-16 - -3)))?
17
What is the value of -6 - (-3 - (-6 + (-15 - -6)))?
-18
What is the value of 45 + 10 + -23 + -50?
-18
-4 + -25 + 19 + (0 - (4 + -9))
-5
Calculate 6 + -10 + -8 + (11 - -7).
6
What is the value of -6 + (34 - (5 - 4))?
27
What is -3 - 1 - -1 - ((-9 - -2) + 18)?
-14
What is the value of -4 + -1 + (6 - (14 + -5)) + 5?
-3
-69 + 23 + -1 + 29
-18
Calculate 1 + (-16 - -7 - -2) + 2.
-4
What is the value of 3 + (-5 + -1 - (7 - -1 - 7))?
-4
Evaluate -19 + (7 - (11 + 2 + -2)).
-23
11 - (19 - (-7 + (-7 - -11)))
-11
Evaluate -26 - (-24 - 15 - 4).
17
Calculate (-10 - -4) + 10 - -2 - 1 - 9.
-4
What is the value of -16 + 7 - ((16 - 6) + -7) - -4?
-8
Calculate 12 - 24 - ((-2 - 25) + 0).
15
What is the value of 7 + -2 - (3 - (-7 + (7 - -3)))?
5
What is -38 + 34 + (0 - (-3 + 6)) + 1?
-6
Evaluate -4 + 7 + -5 - (0 - (22 - 6)).
14
What is the value of -68 - (-25 - 20) - (0 - 11)?
-12
What is the value of -1 - 19 - 1 - (-183 - -177)?
-15
What is -5 + 12 + 1 + -5 - (-8 - -1)?
10
Calculate (4 - 3) + 30 + -36.
-5
Calculate 3 - (-5 - (-9 + 9)).
8
What is (-15 - (7 - 9)) + 17?
4
-14 + 2 + 17 + -25
-20
What is the value of -107 - -108 - ((3 - (1 - 14)) + -3)?
-12
Evaluate (-2 - 0) + -1 + -2 + -3 + 17.
9
Calculate -8 + 2 + -164 + 161 + (-1 - 17).
-27
Calculate -4 - -1 - (30 - 20 - 24).
11
Calculate (19 - 43) + (35 - 19).
-8
Calculate (0 - 1 - (-134 - -137)) + 29.
25
Evaluate (48 - (67 - 15)) + -29.
-33
Calculate 0 + 8 - (33 - 1 - 3) - -5.
-16
What is the value of (-1 - -50) + (-105 - -89)?
33
Evaluate 2 + 5 + (-21 + -2 - -9).
-7
Evaluate 1 - ((2 - -6) + -6 + 8 + -8).
-1
What is -15 - ((0 - -6) + -10 + 8 + -5)?
-14
Evaluate 0 + (-7 + 18 - 9) + -1 - 7.
-6
Calculate 6 - (12 - (-8 - -3) - -6).
-17
Calculate 6 + (1 - 2) + -17 + 13 + 2.
3
What is the value of 8 - -4 - (-57 + 39)?
30
Evaluate -10 + 12 + (54 - 35).
21
Calculate 354 + -356 - (-10 + 1).
7
What is the value of -30 + 5 - -6 - (-26 - -23)?
-16
(10 - 11 - -12) + (8 - -4)
23
What is the value of (14 - -5) + (2 - -7) - (2 - -4)?
22
Evaluate 6 + (5 - -3 - (-13 + 27 + -1)).
1
(15 + (-14 - 5) - -16) + -9
3
Evaluate -40 - 3 - (-68 + 18 - -30).
-23
What is the value of 32 + (-36 - 34) + 34?
-4
Evaluate 55 + -52 + -3 + 0 + 6.
6
(-8 - 15) + (19 - 1)
-5
Evaluate (3 + -5 - -33) + (-8 + -19 - -23).
27
What is -13 + 8 + 24 + -14 + 8?
13
Evaluate -4 - (-2 + 10 - (34 + -27)).
-5
What is 9 + -1 - ((-3 - -32) + -9)?
-12
What is -15 - ((-8 - (4 - 19)) + -7 + 9)?
-24
Evaluate -7 - -7 - 9 - (-4 - (3 - 4)).
-6
Evaluate -40 + 38 - (-6 + (3 - 5)).
6
What is (-29 - (57 + -53)) + (1 - -8)?
-24
What is -11 + -1 - (74 + -99) - (-2 + -10)?
25
Evaluate (7 - -1) + -1 + -2 + 6 + -26.
-15
-13 + 5 + -20 + 14
-14
3 + 9 - (12 + -12)
12
What is the value of 62 - 47 - (-7 + 5)?
17
Calculate -21 - (28 + -8 + -31).
-10
Calculate 31 + 11 + -30 + -1.
11
Calculate -9 - (-25 - -2 - (10 - 14)).
10
Evaluate -19 - -17 - (8 - (-2 - -7) - -11).
-16
Calculate 1 + (-6 - (2 + -7)) - 12 - 5.
-17
Evaluate 7 - 6 - 12 - -21.
10
9 + 3 + 5 + -2 + -4 + 6
17
Calculate -16 + (-32 + 6 - -15).
-27
12 + (-6 - (5 + (11 - 2 - 13)))
5
What is the value of 17 - -6 - (1 + 17)?
5
Calculate -2 + 10 - (-50 + 59).
-1
(-13 - -9) + (-5 - (-8 - (4 + -1)))
2
What is the value of (-12 + -31 - -29) + 1 + 3 - 4?
-14
What is the value of -1 + (4 - (-7 - -2))?
8
(-5 - 0) + 0 + (1805 - 1801)
-1
(10 - (16 - -3) - -5) + (-7 - 1)
-12
Calculate 55 - 40 - (7 + -3).
11
What is the value of (2 - (17 - 30)) + -12?
3
What is the value of -27 + 14 - -4 - (-7 - (-3 - -1))?
-4
(118 - 85) + -11 + 3 + -4
21
Evaluate -14 - (-12 + -5) - (3 + -1) - -1.
2
Evaluate 5 - (19 + -28) - 43.
-29
What is the value of -16 - -13 - (-8 + (-2 - -3))?
4
18 - (-22 + 24) - 7
9
(4 - (-5 - (-8 - -3))) 